{"id":80,"date":"2021-03-28T11:18:30","date_gmt":"2021-03-28T09:18:30","guid":{"rendered":"https:\/\/ewarycombel.pl\/?page_id=80"},"modified":"2025-01-24T20:49:44","modified_gmt":"2025-01-24T19:49:44","slug":"o-mnie","status":"publish","type":"page","link":"https:\/\/ewarycombel.pl\/index.php\/o-mnie\/","title":{"rendered":"O mnie"},"content":{"rendered":"<div id=\"pl-80\"  class=\"panel-layout\" ><div id=\"pg-80-0\"  class=\"panel-grid panel-no-style\" ><div id=\"pgc-80-0-0\"  class=\"panel-grid-cell\" ><div id=\"panel-80-0-0-0\" class=\"so-panel widget widget_sow-editor panel-first-child panel-last-child\" data-index=\"0\" ><div\n\t\t\t\n\t\t\tclass=\"so-widget-sow-editor so-widget-sow-editor-base\"\n\t\t\t\n\t\t>\n<div class=\"siteorigin-widget-tinymce textwidget\">\n\t<p><img loading=\"lazy\" decoding=\"async\" class=\"wp-image-139 size-full aligncenter\" src=\"https:\/\/ewarycombel.pl\/wp-content\/uploads\/2022\/01\/Ewa-Rycombel.png\" alt=\"Ewa Rycombel\" width=\"400\" height=\"533\" srcset=\"https:\/\/ewarycombel.pl\/wp-content\/uploads\/2022\/01\/Ewa-Rycombel.png 400w, https:\/\/ewarycombel.pl\/wp-content\/uploads\/2022\/01\/Ewa-Rycombel-225x300.png 225w\" sizes=\"auto, (max-width: 400px) 100vw, 400px\" \/><\/p>\n<\/div>\n<\/div><\/div><\/div><div id=\"pgc-80-0-1\"  class=\"panel-grid-cell\" ><div id=\"panel-80-0-1-0\" class=\"so-panel widget widget_sow-headline panel-first-child\" data-index=\"1\" ><div\n\t\t\t\n\t\t\tclass=\"so-widget-sow-headline so-widget-sow-headline-default-ea0af4cf39ae-80\"\n\t\t\t\n\t\t><div class=\"sow-headline-container \">\n\t\t\t\t\t\t\t<h1 class=\"sow-headline\">\n\t\t\t\t\t\tMgr Ewa Rycombel\t\t\t\t\t\t<\/h1>\n\t\t\t\t\t\t\t\t\t\t\t<div class=\"decoration\">\n\t\t\t\t\t\t<div class=\"decoration-inside\"><\/div>\n\t\t\t\t\t<\/div>\n\t\t\t\t\t<\/div>\n<\/div><\/div><div id=\"panel-80-0-1-1\" class=\"so-panel widget widget_sow-editor panel-last-child\" data-index=\"2\" ><div\n\t\t\t\n\t\t\tclass=\"so-widget-sow-editor so-widget-sow-editor-base\"\n\t\t\t\n\t\t>\n<div class=\"siteorigin-widget-tinymce textwidget\">\n\t<p>Nauczycielka, absolwentka nauczania pocz\u0105tkowego Wy\u017cszej Szko\u0142y Pedagogicznej w Olsztynie (nauczanie pocz\u0105tkowe), Podyplomowego Studium Logopedycznego w Gda\u0144sku, provider metody Neuroflow\u00ae ATS specjalistka SAS oraz diagnostyczka i terapeutka metody Terapii Bilateralnej. Obecnie pracuje jako logopeda w pa\u0144stwowych i niepublicznych Poradniach Psychologiczno-Pedagogicznych w Warszawie. Autorka ksi\u0105\u017ceczek do terapii logopedycznej dla dzieci w wieku przedszkolnym (\u201eSzop Pracz i przyjaciele\u201d, \u201e\u017babka Rzekotka i jej dru\u017cyna\u201d) i szkolnym (propozycje zabaw do publikacji \u201eTerapia logopedyczna dziecka w wieku szkolnym\u201d wyd. Raabe). Jest wsp\u00f3\u0142autork\u0105 dw\u00f3ch numer\u00f3w czasopisma \"Strefa Logopedy\" (nr 29 sierpie\u0144 2021 oraz 35 - luty 2022). Propaguje wiedz\u0119 logopedyczn\u0105 podczas szkole\u0144 dla nauczycieli wychowania przedszkolnego oraz warsztat\u00f3w dla rodzic\u00f3w.<\/p>\n<\/div>\n<\/div><\/div><\/div><\/div><div id=\"pg-80-1\"  class=\"panel-grid panel-has-style\" ><div class=\"panel-row-style panel-row-style-for-80-1\" ><div id=\"pgc-80-1-0\"  class=\"panel-grid-cell\" ><div id=\"panel-80-1-0-0\" class=\"so-panel widget widget_sow-editor panel-first-child panel-last-child\" data-index=\"3\" ><div\n\t\t\t\n\t\t\tclass=\"so-widget-sow-editor so-widget-sow-editor-base\"\n\t\t\t\n\t\t>\n<div class=\"siteorigin-widget-tinymce textwidget\">\n\t<p><img loading=\"lazy\" decoding=\"async\" class=\"size-full wp-image-199 aligncenter\" src=\"https:\/\/ewarycombel.pl\/wp-content\/uploads\/2025\/01\/Zrzut-ekranu-2025-01-24-203729.png\" alt=\"\" width=\"1320\" height=\"921\" srcset=\"https:\/\/ewarycombel.pl\/wp-content\/uploads\/2025\/01\/Zrzut-ekranu-2025-01-24-203729.png 1320w, https:\/\/ewarycombel.pl\/wp-content\/uploads\/2025\/01\/Zrzut-ekranu-2025-01-24-203729-300x209.png 300w, https:\/\/ewarycombel.pl\/wp-content\/uploads\/2025\/01\/Zrzut-ekranu-2025-01-24-203729-1024x714.png 1024w, https:\/\/ewarycombel.pl\/wp-content\/uploads\/2025\/01\/Zrzut-ekranu-2025-01-24-203729-768x536.png 768w\" sizes=\"auto, (max-width: 1320px) 100vw, 1320px\" \/><\/p>\n<\/div>\n<\/div><\/div><\/div><div id=\"pgc-80-1-1\"  class=\"panel-grid-cell\" ><div id=\"panel-80-1-1-0\" class=\"so-panel widget widget_sow-editor panel-first-child panel-last-child\" data-index=\"4\" ><div\n\t\t\t\n\t\t\tclass=\"so-widget-sow-editor so-widget-sow-editor-base\"\n\t\t\t\n\t\t>\n<div class=\"siteorigin-widget-tinymce textwidget\">\n\t<p><img loading=\"lazy\" decoding=\"async\" class=\"size-full wp-image-202 aligncenter\" src=\"https:\/\/ewarycombel.pl\/wp-content\/uploads\/2025\/01\/cd1e0d1b-50e6-4180-acfb-21044c839615.jpeg\" alt=\"\" width=\"882\" height=\"622\" srcset=\"https:\/\/ewarycombel.pl\/wp-content\/uploads\/2025\/01\/cd1e0d1b-50e6-4180-acfb-21044c839615.jpeg 882w, https:\/\/ewarycombel.pl\/wp-content\/uploads\/2025\/01\/cd1e0d1b-50e6-4180-acfb-21044c839615-300x212.jpeg 300w, https:\/\/ewarycombel.pl\/wp-content\/uploads\/2025\/01\/cd1e0d1b-50e6-4180-acfb-21044c839615-768x542.jpeg 768w\" sizes=\"auto, (max-width: 882px) 100vw, 882px\" \/><\/p>\n<\/div>\n<\/div><\/div><\/div><div id=\"pgc-80-1-2\"  class=\"panel-grid-cell\" ><div id=\"panel-80-1-2-0\" class=\"so-panel widget widget_sow-editor panel-first-child panel-last-child\" data-index=\"5\" ><div\n\t\t\t\n\t\t\tclass=\"so-widget-sow-editor so-widget-sow-editor-base\"\n\t\t\t\n\t\t>\n<div class=\"siteorigin-widget-tinymce textwidget\">\n\t<p><img loading=\"lazy\" decoding=\"async\" class=\"size-full wp-image-203 aligncenter\" src=\"https:\/\/ewarycombel.pl\/wp-content\/uploads\/2025\/01\/terapia-bilateralna.png\" alt=\"\" width=\"1121\" height=\"781\" srcset=\"https:\/\/ewarycombel.pl\/wp-content\/uploads\/2025\/01\/terapia-bilateralna.png 1121w, https:\/\/ewarycombel.pl\/wp-content\/uploads\/2025\/01\/terapia-bilateralna-300x209.png 300w, https:\/\/ewarycombel.pl\/wp-content\/uploads\/2025\/01\/terapia-bilateralna-1024x713.png 1024w, https:\/\/ewarycombel.pl\/wp-content\/uploads\/2025\/01\/terapia-bilateralna-768x535.png 768w\" sizes=\"auto, (max-width: 1121px) 100vw, 1121px\" \/><\/p>\n<\/div>\n<\/div><\/div><\/div><\/div><\/div><div id=\"pg-80-2\"  class=\"panel-grid panel-has-style\" ><div class=\"panel-row-style panel-row-style-for-80-2\" ><div id=\"pgc-80-2-0\"  class=\"panel-grid-cell\" ><div id=\"panel-80-2-0-0\" class=\"so-panel widget widget_sow-video panel-first-child panel-last-child\" data-index=\"6\" ><div\n\t\t\t\n\t\t\tclass=\"so-widget-sow-video so-widget-sow-video-default-f379b959fc93-80\"\n\t\t\t\n\t\t>\n<div class=\"sow-video-wrapper no-controls\">\n\t\t\t<iframe loading=\"lazy\" title=\"Zdalne nauczanie w okresie pandemii, czyli w jaki spos\u00f3b logopeda mo\u017ce usprawni\u0107 organizacj\u0119 terapii\" width=\"1150\" height=\"647\" src=\"https:\/\/www.youtube.com\/embed\/4bAIvElcHJQ?feature=oembed&enablejsapi=1\" frameborder=\"0\" allow=\"accelerometer; autoplay; clipboard-write; encrypted-media; gyroscope; picture-in-picture; web-share\" referrerpolicy=\"strict-origin-when-cross-origin\" allowfullscreen allowfullscreen mozallowfullscreen webkitallowfullscreen><\/iframe>\t<\/div>\n<\/div><\/div><\/div><\/div><\/div><\/div>","protected":false},"excerpt":{"rendered":"<p>Nauczycielka, absolwentka nauczania pocz\u0105tkowego Wy\u017cszej Szko\u0142y Pedagogicznej w Olsztynie (nauczanie pocz\u0105tkowe), Podyplomowego Studium Logopedycznego w Gda\u0144sku, provider metody Neuroflow\u00ae ATS specjalistka SAS oraz diagnostyczka i terapeutka metody Terapii Bilateralnej. Obecnie pracuje jako logopeda w pa\u0144stwowych i niepublicznych Poradniach Psychologiczno-Pedagogicznych w Warszawie. Autorka ksi\u0105\u017ceczek do terapii logopedycznej dla dzieci w wieku przedszkolnym (\u201eSzop Pracz i przyjaciele\u201d,<a class=\"more-link\" href=\"https:\/\/ewarycombel.pl\/index.php\/o-mnie\/\">Read more  &#10230;<\/a><\/p>\n","protected":false},"author":1,"featured_media":0,"parent":0,"menu_order":0,"comment_status":"closed","ping_status":"closed","template":"","meta":{"footnotes":""},"class_list":["post-80","page","type-page","status-publish","hentry"],"_links":{"self":[{"href":"https:\/\/ewarycombel.pl\/index.php\/wp-json\/wp\/v2\/pages\/80","targetHints":{"allow":["GET"]}}],"collection":[{"href":"https:\/\/ewarycombel.pl\/index.php\/wp-json\/wp\/v2\/pages"}],"about":[{"href":"https:\/\/ewarycombel.pl\/index.php\/wp-json\/wp\/v2\/types\/page"}],"author":[{"embeddable":true,"href":"https:\/\/ewarycombel.pl\/index.php\/wp-json\/wp\/v2\/users\/1"}],"replies":[{"embeddable":true,"href":"https:\/\/ewarycombel.pl\/index.php\/wp-json\/wp\/v2\/comments?post=80"}],"version-history":[{"count":18,"href":"https:\/\/ewarycombel.pl\/index.php\/wp-json\/wp\/v2\/pages\/80\/revisions"}],"predecessor-version":[{"id":206,"href":"https:\/\/ewarycombel.pl\/index.php\/wp-json\/wp\/v2\/pages\/80\/revisions\/206"}],"wp:attachment":[{"href":"https:\/\/ewarycombel.pl\/index.php\/wp-json\/wp\/v2\/media?parent=80"}],"curies":[{"name":"wp","href":"https:\/\/api.w.org\/{rel}","templated":true}]}}

<div id="pl-80"  class="panel-layout" ><div id="pg-80-0"  class="panel-grid panel-no-style" ><div id="pgc-80-0-0"  class="panel-grid-cell" ><div id="panel-80-0-0-0" class="so-panel widget widget_sow-editor panel-first-child panel-last-child" data-index="0" ><div
			
			class="so-widget-sow-editor so-widget-sow-editor-base"
			
		>
<div class="siteorigin-widget-tinymce textwidget">
	<p><img loading="lazy" decoding="async" class="wp-image-139 size-full aligncenter" src="https://ewarycombel.pl/wp-content/uploads/2022/01/Ewa-Rycombel.png" alt="Ewa Rycombel" width="400" height="533" srcset="https://ewarycombel.pl/wp-content/uploads/2022/01/Ewa-Rycombel.png 400w, https://ewarycombel.pl/wp-content/uploads/2022/01/Ewa-Rycombel-225x300.png 225w" sizes="auto, (max-width: 400px) 100vw, 400px" /></p>
</div>
</div></div></div><div id="pgc-80-0-1"  class="panel-grid-cell" ><div id="panel-80-0-1-0" class="so-panel widget widget_sow-headline panel-first-child" data-index="1" ><div
			
			class="so-widget-sow-headline so-widget-sow-headline-default-ea0af4cf39ae-80"
			
		><div class="sow-headline-container ">
							<h1 class="sow-headline">
						Mgr Ewa Rycombel						</h1>
											<div class="decoration">
						<div class="decoration-inside"></div>
					</div>
					</div>
</div></div><div id="panel-80-0-1-1" class="so-panel widget widget_sow-editor panel-last-child" data-index="2" ><div
			
			class="so-widget-sow-editor so-widget-sow-editor-base"
			
		>
<div class="siteorigin-widget-tinymce textwidget">
	<p>Nauczycielka, absolwentka nauczania początkowego Wyższej Szkoły Pedagogicznej w Olsztynie (nauczanie początkowe), Podyplomowego Studium Logopedycznego w Gdańsku, provider metody Neuroflow® ATS specjalistka SAS oraz diagnostyczka i terapeutka metody Terapii Bilateralnej. Obecnie pracuje jako logopeda w państwowych i niepublicznych Poradniach Psychologiczno-Pedagogicznych w Warszawie. Autorka książeczek do terapii logopedycznej dla dzieci w wieku przedszkolnym („Szop Pracz i przyjaciele”, „Żabka Rzekotka i jej drużyna”) i szkolnym (propozycje zabaw do publikacji „Terapia logopedyczna dziecka w wieku szkolnym” wyd. Raabe). Jest współautorką dwóch numerów czasopisma "Strefa Logopedy" (nr 29 sierpień 2021 oraz 35 - luty 2022). Propaguje wiedzę logopedyczną podczas szkoleń dla nauczycieli wychowania przedszkolnego oraz warsztatów dla rodziców.</p>
</div>
</div></div></div></div><div id="pg-80-1"  class="panel-grid panel-has-style" ><div class="panel-row-style panel-row-style-for-80-1" ><div id="pgc-80-1-0"  class="panel-grid-cell" ><div id="panel-80-1-0-0" class="so-panel widget widget_sow-editor panel-first-child panel-last-child" data-index="3" ><div
			
			class="so-widget-sow-editor so-widget-sow-editor-base"
			
		>
<div class="siteorigin-widget-tinymce textwidget">
	<p><img loading="lazy" decoding="async" class="size-full wp-image-199 aligncenter" src="https://ewarycombel.pl/wp-content/uploads/2025/01/Zrzut-ekranu-2025-01-24-203729.png" alt="" width="1320" height="921" srcset="https://ewarycombel.pl/wp-content/uploads/2025/01/Zrzut-ekranu-2025-01-24-203729.png 1320w, https://ewarycombel.pl/wp-content/uploads/2025/01/Zrzut-ekranu-2025-01-24-203729-300x209.png 300w, https://ewarycombel.pl/wp-content/uploads/2025/01/Zrzut-ekranu-2025-01-24-203729-1024x714.png 1024w, https://ewarycombel.pl/wp-content/uploads/2025/01/Zrzut-ekranu-2025-01-24-203729-768x536.png 768w" sizes="auto, (max-width: 1320px) 100vw, 1320px" /></p>
</div>
</div></div></div><div id="pgc-80-1-1"  class="panel-grid-cell" ><div id="panel-80-1-1-0" class="so-panel widget widget_sow-editor panel-first-child panel-last-child" data-index="4" ><div
			
			class="so-widget-sow-editor so-widget-sow-editor-base"
			
		>
<div class="siteorigin-widget-tinymce textwidget">
	<p><img loading="lazy" decoding="async" class="size-full wp-image-202 aligncenter" src="https://ewarycombel.pl/wp-content/uploads/2025/01/cd1e0d1b-50e6-4180-acfb-21044c839615.jpeg" alt="" width="882" height="622" srcset="https://ewarycombel.pl/wp-content/uploads/2025/01/cd1e0d1b-50e6-4180-acfb-21044c839615.jpeg 882w, https://ewarycombel.pl/wp-content/uploads/2025/01/cd1e0d1b-50e6-4180-acfb-21044c839615-300x212.jpeg 300w, https://ewarycombel.pl/wp-content/uploads/2025/01/cd1e0d1b-50e6-4180-acfb-21044c839615-768x542.jpeg 768w" sizes="auto, (max-width: 882px) 100vw, 882px" /></p>
</div>
</div></div></div><div id="pgc-80-1-2"  class="panel-grid-cell" ><div id="panel-80-1-2-0" class="so-panel widget widget_sow-editor panel-first-child panel-last-child" data-index="5" ><div
			
			class="so-widget-sow-editor so-widget-sow-editor-base"
			
		>
<div class="siteorigin-widget-tinymce textwidget">
	<p><img loading="lazy" decoding="async" class="size-full wp-image-203 aligncenter" src="https://ewarycombel.pl/wp-content/uploads/2025/01/terapia-bilateralna.png" alt="" width="1121" height="781" srcset="https://ewarycombel.pl/wp-content/uploads/2025/01/terapia-bilateralna.png 1121w, https://ewarycombel.pl/wp-content/uploads/2025/01/terapia-bilateralna-300x209.png 300w, https://ewarycombel.pl/wp-content/uploads/2025/01/terapia-bilateralna-1024x713.png 1024w, https://ewarycombel.pl/wp-content/uploads/2025/01/terapia-bilateralna-768x535.png 768w" sizes="auto, (max-width: 1121px) 100vw, 1121px" /></p>
</div>
</div></div></div></div></div><div id="pg-80-2"  class="panel-grid panel-has-style" ><div class="panel-row-style panel-row-style-for-80-2" ><div id="pgc-80-2-0"  class="panel-grid-cell" ><div id="panel-80-2-0-0" class="so-panel widget widget_sow-video panel-first-child panel-last-child" data-index="6" ><div
			
			class="so-widget-sow-video so-widget-sow-video-default-f379b959fc93-80"
			
		>
<div class="sow-video-wrapper no-controls">
			<iframe loading="lazy" title="Zdalne nauczanie w okresie pandemii, czyli w jaki sposób logopeda może usprawnić organizację terapii" width="1150" height="647" src="https://www.youtube.com/embed/4bAIvElcHJQ?feature=oembed&enablejsapi=1" frameborder="0" allow="accelerometer; autoplay; clipboard-write; encrypted-media; gyroscope; picture-in-picture; web-share" referrerpolicy="strict-origin-when-cross-origin" allowfullscreen allowfullscreen mozallowfullscreen webkitallowfullscreen></iframe>	</div>
</div></div></div></div></div></div>

<p>Nauczycielka, absolwentka nauczania początkowego Wyższej Szkoły Pedagogicznej w Olsztynie (nauczanie początkowe), Podyplomowego Studium Logopedycznego w Gdańsku, provider metody Neuroflow® ATS specjalistka SAS oraz diagnostyczka i terapeutka metody Terapii Bilateralnej. Obecnie pracuje jako logopeda w państwowych i niepublicznych Poradniach Psychologiczno-Pedagogicznych w Warszawie. Autorka książeczek do terapii logopedycznej dla dzieci w wieku przedszkolnym („Szop Pracz i przyjaciele”,<a class="more-link" href="https://ewarycombel.pl/index.php/o-mnie/">Read more  &#10230;</a></p>
